{"id":21,"date":"2026-03-27T11:17:12","date_gmt":"2026-03-27T11:17:12","guid":{"rendered":"https:\/\/bigimpacts.fr\/?page_id=21"},"modified":"2026-04-04T08:49:32","modified_gmt":"2026-04-04T08:49:32","slug":"ecran-du-village","status":"publish","type":"page","link":"https:\/\/bigimpacts.fr\/index.php\/accueil\/4-000-coeurs-de-village\/ecran-du-village\/","title":{"rendered":"L&rsquo;\u00e9cran du village"},"content":{"rendered":"\t\t<div data-elementor-type=\"wp-page\" data-elementor-id=\"21\" class=\"elementor elementor-21\" data-elementor-post-type=\"page\">\n\t\t\t\t<div class=\"elementor-element elementor-element-43f0f65 e-flex e-con-boxed e-con e-parent\" data-id=\"43f0f65\" data-element_type=\"container\" data-e-type=\"container\" data-settings=\"{&quot;background_background&quot;:&quot;classic&quot;}\">\n\t\t\t\t\t<div class=\"e-con-inner\">\n\t\t\t\t<div class=\"elementor-element elementor-element-0c1fbd5 elementor-widget elementor-widget-heading\" data-id=\"0c1fbd5\" data-element_type=\"widget\" data-e-type=\"widget\" data-widget_type=\"heading.default\">\n\t\t\t\t\t<h2 class=\"elementor-heading-title elementor-size-default\">Un grand \u00e9cran, des grands moments \u00e0 partager<\/h2>\t\t\t\t<\/div>\n\t\t\t\t\t<\/div>\n\t\t\t\t<\/div>\n\t\t<div class=\"elementor-element elementor-element-ebc2b98 e-grid e-con-full e-con e-parent\" data-id=\"ebc2b98\" data-element_type=\"container\" data-e-type=\"container\" data-settings=\"{&quot;background_background&quot;:&quot;classic&quot;}\">\n\t\t<div class=\"elementor-element elementor-element-bcaf359 e-con-full e-flex e-con e-child\" data-id=\"bcaf359\" data-element_type=\"container\" data-e-type=\"container\">\n\t\t<div class=\"elementor-element elementor-element-a0bf979 e-con-full e-flex e-con e-child\" data-id=\"a0bf979\" data-element_type=\"container\" data-e-type=\"container\">\n\t\t\t\t<div class=\"elementor-element elementor-element-30a3686 elementor-widget elementor-widget-heading\" data-id=\"30a3686\" data-element_type=\"widget\" data-e-type=\"widget\" data-widget_type=\"heading.default\">\n\t\t\t\t\t<h2 class=\"elementor-heading-title elementor-size-default\">Rallumer la vie au c\u0153ur de nos caf\u00e9s<\/h2>\t\t\t\t<\/div>\n\t\t<div class=\"elementor-element elementor-element-f5bd52b e-con-full e-flex e-con e-child\" data-id=\"f5bd52b\" data-element_type=\"container\" data-e-type=\"container\">\n\t\t<div class=\"elementor-element elementor-element-40b3b52 e-con-full e-flex e-con e-child\" data-id=\"40b3b52\" data-element_type=\"container\" data-e-type=\"container\">\n\t\t\t\t<div class=\"elementor-element elementor-element-591a876 elementor-widget elementor-widget-text-editor\" data-id=\"591a876\" data-element_type=\"widget\" data-e-type=\"widget\" data-widget_type=\"text-editor.default\">\n\t\t\t\t\t\t\t\t\t<p class=\"cvGsUA direction-ltr align-start para-style-body\"><span class=\"a_GcMg font-feature-liga-off font-feature-clig-off font-feature-calt-off text-decoration-none text-strikethrough-none\">L\u2019\u00e9cran du village r\u00e9pond \u00e0 un besoin fondamental : l&rsquo;acc\u00e8s \u00e0 une offre de proximit\u00e9 sans avoir \u00e0 parcourir des dizaines de kilom\u00e8tres. Ce projet d\u00e9passe la simple diffusion technique ; il transforme les caf\u00e9s et lieux de vie en v\u00e9ritables carrefours de partage.<\/span><\/p><p class=\"cvGsUA direction-ltr align-start para-style-body\"><span class=\"a_GcMg font-feature-liga-off font-feature-clig-off font-feature-calt-off text-decoration-none text-strikethrough-none\">En instaurant des rendez-vous r\u00e9guliers de projection culturelle, ludique et sportive, nous redonnons aux habitants l&rsquo;occasion de se rassembler et de vivre une exp\u00e9rience collective. Cette dynamique transforme chaque s\u00e9ance en un levier puissant autour de l&rsquo;\u00e9motion et l&rsquo;\u00e9change au c\u0153ur du quotidien.<\/span><\/p>\t\t\t\t\t\t\t\t<\/div>\n\t\t\t\t<\/div>\n\t\t\t\t<\/div>\n\t\t\t\t<\/div>\n\t\t\t\t<\/div>\n\t\t<div class=\"elementor-element elementor-element-fae5ddd e-con-full e-flex e-con e-child\" data-id=\"fae5ddd\" data-element_type=\"container\" data-e-type=\"container\">\n\t\t\t\t<div class=\"elementor-element elementor-element-8c2744e elementor-widget elementor-widget-image\" data-id=\"8c2744e\" data-element_type=\"widget\" data-e-type=\"widget\" data-widget_type=\"image.default\">\n\t\t\t\t\t\t\t\t\t\t\t\t\t\t\t<img fetchpriority=\"high\" decoding=\"async\" width=\"723\" height=\"1024\" src=\"https:\/\/bigimpacts.fr\/wp-content\/uploads\/2026\/04\/animation-culturelle-bar-village-ecran-du-village-723x1024.png\" class=\"attachment-large size-large wp-image-729\" alt=\"\" srcset=\"https:\/\/bigimpacts.fr\/wp-content\/uploads\/2026\/04\/animation-culturelle-bar-village-ecran-du-village-723x1024.png 723w, https:\/\/bigimpacts.fr\/wp-content\/uploads\/2026\/04\/animation-culturelle-bar-village-ecran-du-village-212x300.png 212w, https:\/\/bigimpacts.fr\/wp-content\/uploads\/2026\/04\/animation-culturelle-bar-village-ecran-du-village-768x1088.png 768w, https:\/\/bigimpacts.fr\/wp-content\/uploads\/2026\/04\/animation-culturelle-bar-village-ecran-du-village-1085x1536.png 1085w, https:\/\/bigimpacts.fr\/wp-content\/uploads\/2026\/04\/animation-culturelle-bar-village-ecran-du-village-1446x2048.png 1446w, https:\/\/bigimpacts.fr\/wp-content\/uploads\/2026\/04\/animation-culturelle-bar-village-ecran-du-village-scaled.png 1808w\" sizes=\"(max-width: 723px) 100vw, 723px\" \/>\t\t\t\t\t\t\t\t\t\t\t\t\t\t\t<\/div>\n\t\t\t\t<\/div>\n\t\t<div class=\"elementor-element elementor-element-1f68a9a e-con-full e-flex e-con e-child\" data-id=\"1f68a9a\" data-element_type=\"container\" data-e-type=\"container\">\n\t\t\t\t<div class=\"elementor-element elementor-element-38f1ee2 elementor-widget elementor-widget-image\" data-id=\"38f1ee2\" data-element_type=\"widget\" data-e-type=\"widget\" data-widget_type=\"image.default\">\n\t\t\t\t\t\t\t\t\t\t\t\t\t\t\t<img decoding=\"async\" width=\"723\" height=\"1024\" src=\"https:\/\/bigimpacts.fr\/wp-content\/uploads\/2026\/04\/evenement-culturel-lien-social-cafe-associatif-bouge-ton-coq-723x1024.png\" class=\"attachment-large size-large wp-image-735\" alt=\"\" srcset=\"https:\/\/bigimpacts.fr\/wp-content\/uploads\/2026\/04\/evenement-culturel-lien-social-cafe-associatif-bouge-ton-coq-723x1024.png 723w, https:\/\/bigimpacts.fr\/wp-content\/uploads\/2026\/04\/evenement-culturel-lien-social-cafe-associatif-bouge-ton-coq-212x300.png 212w, https:\/\/bigimpacts.fr\/wp-content\/uploads\/2026\/04\/evenement-culturel-lien-social-cafe-associatif-bouge-ton-coq-768x1088.png 768w, https:\/\/bigimpacts.fr\/wp-content\/uploads\/2026\/04\/evenement-culturel-lien-social-cafe-associatif-bouge-ton-coq-1085x1536.png 1085w, https:\/\/bigimpacts.fr\/wp-content\/uploads\/2026\/04\/evenement-culturel-lien-social-cafe-associatif-bouge-ton-coq-1446x2048.png 1446w, https:\/\/bigimpacts.fr\/wp-content\/uploads\/2026\/04\/evenement-culturel-lien-social-cafe-associatif-bouge-ton-coq-scaled.png 1808w\" sizes=\"(max-width: 723px) 100vw, 723px\" \/>\t\t\t\t\t\t\t\t\t\t\t\t\t\t\t<\/div>\n\t\t\t\t<\/div>\n\t\t\t\t<\/div>\n\t\t<div class=\"elementor-element elementor-element-0f05f86 e-con-full e-flex e-con e-parent\" data-id=\"0f05f86\" data-element_type=\"container\" data-e-type=\"container\" data-settings=\"{&quot;background_background&quot;:&quot;classic&quot;}\">\n\t\t<div class=\"elementor-element elementor-element-256f1e5 e-con-full e-flex e-con e-child\" data-id=\"256f1e5\" data-element_type=\"container\" data-e-type=\"container\" data-settings=\"{&quot;background_background&quot;:&quot;classic&quot;}\">\n\t\t\t\t<div class=\"elementor-element elementor-element-17d8fa0 elementor-widget elementor-widget-video\" data-id=\"17d8fa0\" data-element_type=\"widget\" data-e-type=\"widget\" data-settings=\"{&quot;video_type&quot;:&quot;hosted&quot;,&quot;autoplay&quot;:&quot;yes&quot;,&quot;mute&quot;:&quot;yes&quot;,&quot;loop&quot;:&quot;yes&quot;}\" data-widget_type=\"video.default\">\n\t\t\t\t\t\t\t<div class=\"e-hosted-video elementor-wrapper elementor-open-inline\">\n\t\t\t\t\t<video class=\"elementor-video\" src=\"https:\/\/bigimpacts.fr\/wp-content\/uploads\/2026\/04\/ecran-du-village-video-big-impacts.mp4\" autoplay=\"\" loop=\"\" muted=\"muted\" controlsList=\"nodownload\"><\/video>\n\t\t\t\t<\/div>\n\t\t\t\t\t\t<\/div>\n\t\t\t\t<\/div>\n\t\t<div class=\"elementor-element elementor-element-b75ea1d e-con-full e-flex e-con e-child\" data-id=\"b75ea1d\" data-element_type=\"container\" data-e-type=\"container\">\n\t\t\t\t<div class=\"elementor-element elementor-element-a20fd00 elementor-widget elementor-widget-heading\" data-id=\"a20fd00\" data-element_type=\"widget\" data-e-type=\"widget\" data-widget_type=\"heading.default\">\n\t\t\t\t\t<h2 class=\"elementor-heading-title elementor-size-default\">le concept<\/h2>\t\t\t\t<\/div>\n\t\t\t\t<div class=\"elementor-element elementor-element-0df9860 elementor-widget__width-initial elementor-widget elementor-widget-heading\" data-id=\"0df9860\" data-element_type=\"widget\" data-e-type=\"widget\" data-widget_type=\"heading.default\">\n\t\t\t\t\t<h2 class=\"elementor-heading-title elementor-size-default\">Transformer chaque comptoir en une sc\u00e8ne de spectacle vivante<\/h2>\t\t\t\t<\/div>\n\t\t\t\t<div class=\"elementor-element elementor-element-2ebcf24 elementor-widget elementor-widget-text-editor\" data-id=\"2ebcf24\" data-element_type=\"widget\" data-e-type=\"widget\" data-widget_type=\"text-editor.default\">\n\t\t\t\t\t\t\t\t\t<p class=\"cvGsUA direction-ltr align-start para-style-body\"><span class=\"a_GcMg font-feature-liga-off font-feature-clig-off font-feature-calt-off text-decoration-none text-strikethrough-none\">Le concept de L&rsquo;\u00e9cran du village repose sur une logistique invisible : apporter le meilleur de la cr\u00e9ation (concerts, documentaires, jeux, grands \u00e9v\u00e9nements sportifs) directement l\u00e0 o\u00f9 les gens se retrouvent d\u00e9j\u00e0.<\/span><\/p><p class=\"cvGsUA direction-ltr align-start para-style-body\"><span class=\"a_GcMg font-feature-liga-off font-feature-clig-off font-feature-calt-off text-decoration-none text-strikethrough-none\">Ce mod\u00e8le de ne transforme pas le cafetier en programmateur, mais lui offre une solution technique et \u00e9ditoriale cl\u00e9 en main pour animer son \u00e9tablissement sans contrainte de gestion. C\u2019est la technologie qui s\u2019adapte \u00e0 l\u2019\u00e2me du caf\u00e9, et non l\u2019inverse, permettant de passer d\u2019une ambiance de bar classique \u00e0 une v\u00e9ritable immersion collective en un clic.<\/span><\/p>\t\t\t\t\t\t\t\t<\/div>\n\t\t\t\t<div class=\"elementor-element elementor-element-a368fda elementor-align-center elementor-widget elementor-widget-button\" data-id=\"a368fda\" data-element_type=\"widget\" data-e-type=\"widget\" data-widget_type=\"button.default\">\n\t\t\t\t\t\t\t\t\t\t<a class=\"elementor-button elementor-button-link elementor-size-sm\" href=\"#\">\n\t\t\t\t\t\t<span class=\"elementor-button-content-wrapper\">\n\t\t\t\t\t\t\t\t\t<span class=\"elementor-button-text\">Nous soutenir<\/span>\n\t\t\t\t\t<\/span>\n\t\t\t\t\t<\/a>\n\t\t\t\t\t\t\t\t<\/div>\n\t\t\t\t<\/div>\n\t\t\t\t<\/div>\n\t\t<div class=\"elementor-element elementor-element-dbf988d e-flex e-con-boxed e-con e-parent\" data-id=\"dbf988d\" data-element_type=\"container\" data-e-type=\"container\">\n\t\t\t\t\t<div class=\"e-con-inner\">\n\t\t\t\t<div class=\"elementor-element elementor-element-0508ade elementor-widget elementor-widget-heading\" data-id=\"0508ade\" data-element_type=\"widget\" data-e-type=\"widget\" data-widget_type=\"heading.default\">\n\t\t\t\t\t<h2 class=\"elementor-heading-title elementor-size-default\">Le Dispositif<\/h2>\t\t\t\t<\/div>\n\t\t\t\t\t<\/div>\n\t\t\t\t<\/div>\n\t\t<div class=\"elementor-element elementor-element-835d2b4 e-flex e-con-boxed e-con e-parent\" data-id=\"835d2b4\" data-element_type=\"container\" data-e-type=\"container\">\n\t\t\t\t\t<div class=\"e-con-inner\">\n\t\t<div class=\"elementor-element elementor-element-afb0504 e-con-full e-flex e-con e-child\" data-id=\"afb0504\" data-element_type=\"container\" data-e-type=\"container\">\n\t\t\t\t<div class=\"elementor-element elementor-element-3a2f690 elementor-widget elementor-widget-heading\" data-id=\"3a2f690\" data-element_type=\"widget\" data-e-type=\"widget\" data-widget_type=\"heading.default\">\n\t\t\t\t\t<h2 class=\"elementor-heading-title elementor-size-default\">\u00c9prouver un mod\u00e8le gratuit, immersif et flexible<\/h2>\t\t\t\t<\/div>\n\t\t\t\t<div class=\"elementor-element elementor-element-7ca8d22 elementor-widget elementor-widget-text-editor\" data-id=\"7ca8d22\" data-element_type=\"widget\" data-e-type=\"widget\" data-widget_type=\"text-editor.default\">\n\t\t\t\t\t\t\t\t\t<p><span class=\"a_GcMg font-feature-liga-off font-feature-clig-off font-feature-calt-off text-decoration-none text-strikethrough-none\">L&rsquo;exp\u00e9rimentation repose sur une offre culturelle hybride, con\u00e7ue pour s&rsquo;int\u00e9grer \u00e0 l&rsquo;usage naturel d&rsquo;un lieu de vie. Nous privil\u00e9gions des formats courts et f\u00e9d\u00e9rateurs qui respectent l&rsquo;ambiance sonore d&rsquo;un bar : priorit\u00e9 au sport en direct, \u00e0 l&rsquo;humour et aux concerts, suivis de contenus plus profonds comme le documentaire ou le th\u00e9\u00e2tre. L\u2019objectif est de transformer une soir\u00e9e ordinaire en un rendez-vous \u00e9v\u00e9nementiel sans jamais d\u00e9naturer l\u2019\u00e2me du caf\u00e9, gr\u00e2ce \u00e0 un mat\u00e9riel audiovisuel haut de gamme (vid\u00e9oprojecteurs nomades, \u00e9crans enroulables) qui s&rsquo;efface totalement une fois la s\u00e9ance termin\u00e9e.<\/span><\/p>\t\t\t\t\t\t\t\t<\/div>\n\t\t\t\t<\/div>\n\t\t<div class=\"elementor-element elementor-element-816e38d e-con-full e-flex e-con e-child\" data-id=\"816e38d\" data-element_type=\"container\" data-e-type=\"container\">\n\t\t\t\t<div class=\"elementor-element elementor-element-45de952 elementor-widget elementor-widget-heading\" data-id=\"45de952\" data-element_type=\"widget\" data-e-type=\"widget\" data-widget_type=\"heading.default\">\n\t\t\t\t\t<h2 class=\"elementor-heading-title elementor-size-default\">Un mod\u00e8le \u00e9conomique au service du lien social<\/h2>\t\t\t\t<\/div>\n\t\t\t\t<div class=\"elementor-element elementor-element-208bdbb elementor-widget elementor-widget-text-editor\" data-id=\"208bdbb\" data-element_type=\"widget\" data-e-type=\"widget\" data-widget_type=\"text-editor.default\">\n\t\t\t\t\t\t\t\t\t<p><span class=\"a_GcMg font-feature-liga-off font-feature-clig-off font-feature-calt-off text-decoration-none text-strikethrough-none\">Pour lever les freins op\u00e9rationnels, le dispositif s&rsquo;appuie sur une gratuit\u00e9 totale pour l&rsquo;habitant et le cafetier. L&rsquo;association prend \u00e0 sa charge l&rsquo;investissement mat\u00e9riel ainsi que la gestion complexe des droits de diffusion (SACEM, CNC). Cette architecture juridique centralis\u00e9e s\u00e9curise le g\u00e9rant en le d\u00e9chargeant de toute responsabilit\u00e9 administrative. Le gain est alors imm\u00e9diat pour la commune : le caf\u00e9 g\u00e9n\u00e8re un flux de client\u00e8le in\u00e9dit sur des cr\u00e9neaux creux, consolidant ainsi la viabilit\u00e9 du dernier commerce de proximit\u00e9 par le levier de la culture.<\/span><\/p>\t\t\t\t\t\t\t\t<\/div>\n\t\t\t\t<\/div>\n\t\t\t\t\t<\/div>\n\t\t\t\t<\/div>\n\t\t<div class=\"elementor-element elementor-element-752ca58 e-con-full e-flex e-con e-parent\" data-id=\"752ca58\" data-element_type=\"container\" data-e-type=\"container\" data-settings=\"{&quot;background_background&quot;:&quot;classic&quot;}\">\n\t\t<div class=\"elementor-element elementor-element-b84160c e-con-full e-flex e-con e-child\" data-id=\"b84160c\" data-element_type=\"container\" data-e-type=\"container\" data-settings=\"{&quot;background_background&quot;:&quot;classic&quot;}\">\n\t\t\t\t<\/div>\n\t\t<div class=\"elementor-element elementor-element-b97462f e-con-full e-flex e-con e-child\" data-id=\"b97462f\" data-element_type=\"container\" data-e-type=\"container\">\n\t\t<div class=\"elementor-element elementor-element-80d559b e-con-full e-flex e-con e-child\" data-id=\"80d559b\" data-element_type=\"container\" data-e-type=\"container\">\n\t\t\t\t<div class=\"elementor-element elementor-element-5b42dd7 elementor-widget__width-initial elementor-widget elementor-widget-heading\" data-id=\"5b42dd7\" data-element_type=\"widget\" data-e-type=\"widget\" data-widget_type=\"heading.default\">\n\t\t\t\t\t<h2 class=\"elementor-heading-title elementor-size-default\">OBJECTIFS<\/h2>\t\t\t\t<\/div>\n\t\t\t\t<div class=\"elementor-element elementor-element-7eccba8 elementor-widget elementor-widget-heading\" data-id=\"7eccba8\" data-element_type=\"widget\" data-e-type=\"widget\" data-widget_type=\"heading.default\">\n\t\t\t\t\t<h2 class=\"elementor-heading-title elementor-size-default\">Cibler les territoires en tension m\u00e9dicale\n<\/h2>\t\t\t\t<\/div>\n\t\t\t\t<div class=\"elementor-element elementor-element-cb61106 elementor-widget elementor-widget-text-editor\" data-id=\"cb61106\" data-element_type=\"widget\" data-e-type=\"widget\" data-widget_type=\"text-editor.default\">\n\t\t\t\t\t\t\t\t\t<p class=\"cvGsUA direction-ltr align-start para-style-body\"><span class=\"a_GcMg font-feature-liga-off font-feature-clig-off font-feature-calt-off text-decoration-none text-strikethrough-none\">Le choix des centres r\u00e9pond \u00e0 une logique de proximit\u00e9 imm\u00e9diate. Nous privil\u00e9gions les centres bourgs capables de rayonner sur tout un bassin de vie, l\u00e0 o\u00f9 l&rsquo;urgence est la plus critique. Cette approche garantit un impact maximal pour les populations isol\u00e9es en concentrant les ressources de soins au plus pr\u00e8s des besoins r\u00e9els.<\/span><\/p>\t\t\t\t\t\t\t\t<\/div>\n\t\t\t\t<div class=\"elementor-element elementor-element-ad565ab elementor-widget elementor-widget-heading\" data-id=\"ad565ab\" data-element_type=\"widget\" data-e-type=\"widget\" data-widget_type=\"heading.default\">\n\t\t\t\t\t<h2 class=\"elementor-heading-title elementor-size-default\">Vers un p\u00f4le de sant\u00e9 durable\n<\/h2>\t\t\t\t<\/div>\n\t\t\t\t<div class=\"elementor-element elementor-element-99793b5 elementor-widget elementor-widget-text-editor\" data-id=\"99793b5\" data-element_type=\"widget\" data-e-type=\"widget\" data-widget_type=\"text-editor.default\">\n\t\t\t\t\t\t\t\t\t<p><span class=\"a_GcMg font-feature-liga-off font-feature-clig-off font-feature-calt-off text-decoration-none text-strikethrough-none\">L&rsquo;objectif est de b\u00e2tir un \u00e9cosyst\u00e8me m\u00e9dical complet et r\u00e9silient. En regroupant diverses initiatives de soins et de pr\u00e9vention, ce mod\u00e8le permet de p\u00e9renniser l&rsquo;offre de sant\u00e9 dans la dur\u00e9e. Cette mise en r\u00e9seau offre l&rsquo;agilit\u00e9 n\u00e9cessaire pour s&rsquo;adapter aux sp\u00e9cificit\u00e9s de chaque territoire et aux \u00e9volutions des pratiques m\u00e9dicales.<\/span><\/p>\t\t\t\t\t\t\t\t<\/div>\n\t\t\t\t<\/div>\n\t\t\t\t<\/div>\n\t\t\t\t<\/div>\n\t\t<div class=\"elementor-element elementor-element-1ac367c e-flex e-con-boxed e-con e-parent\" data-id=\"1ac367c\" data-element_type=\"container\" data-e-type=\"container\" data-settings=\"{&quot;background_background&quot;:&quot;classic&quot;}\">\n\t\t\t\t\t<div class=\"e-con-inner\">\n\t\t\t\t<div class=\"elementor-element elementor-element-aa5a6f4 elementor-widget elementor-widget-heading\" data-id=\"aa5a6f4\" data-element_type=\"widget\" data-e-type=\"widget\" data-widget_type=\"heading.default\">\n\t\t\t\t\t<h2 class=\"elementor-heading-title elementor-size-default\">Nous soutenir<\/h2>\t\t\t\t<\/div>\n\t\t\t\t<div class=\"elementor-element elementor-element-03c1f51 elementor-widget elementor-widget-text-editor\" data-id=\"03c1f51\" data-element_type=\"widget\" data-e-type=\"widget\" data-widget_type=\"text-editor.default\">\n\t\t\t\t\t\t\t\t\t<p class=\"cvGsUA direction-ltr align-center para-style-body\"><span class=\"a_GcMg font-feature-liga-off font-feature-clig-off font-feature-calt-off text-decoration-none text-strikethrough-none\">Chaque don compte. Gr\u00e2ce \u00e0 votre g\u00e9n\u00e9rosit\u00e9, nous pouvons continuer \u00e0 agir concr\u00e8tement et apporter une aide essentielle \u00e0 ceux qui en ont besoin. <\/span><span class=\"a_GcMg font-feature-liga-off font-feature-clig-off font-feature-calt-off text-decoration-none text-strikethrough-none\">Aujourd\u2019hui, vous avez le pouvoir de changer des vies, simplement en donnant.<\/span><\/p>\t\t\t\t\t\t\t\t<\/div>\n\t\t\t\t<div class=\"elementor-element elementor-element-e9073ad elementor-align-center elementor-widget elementor-widget-button\" data-id=\"e9073ad\" data-element_type=\"widget\" data-e-type=\"widget\" data-widget_type=\"button.default\">\n\t\t\t\t\t\t\t\t\t\t<a class=\"elementor-button elementor-button-link elementor-size-sm\" href=\"#\">\n\t\t\t\t\t\t<span class=\"elementor-button-content-wrapper\">\n\t\t\t\t\t\t\t\t\t<span class=\"elementor-button-text\">Nous soutenir maintenant<\/span>\n\t\t\t\t\t<\/span>\n\t\t\t\t\t<\/a>\n\t\t\t\t\t\t\t\t<\/div>\n\t\t\t\t\t<\/div>\n\t\t\t\t<\/div>\n\t\t\t\t<\/div>\n\t\t","protected":false},"excerpt":{"rendered":"<p>Un grand \u00e9cran, des grands moments \u00e0 partager Rallumer la vie au c\u0153ur de nos caf\u00e9s L\u2019\u00e9cran du village r\u00e9pond \u00e0 un besoin fondamental : l&rsquo;acc\u00e8s \u00e0 une offre de proximit\u00e9 sans avoir \u00e0 parcourir des dizaines de kilom\u00e8tres. Ce projet d\u00e9passe la simple diffusion technique ; il transforme les caf\u00e9s et lieux de vie [&hellip;]<\/p>\n","protected":false},"author":2,"featured_media":0,"parent":16,"menu_order":0,"comment_status":"closed","ping_status":"closed","template":"","meta":{"footnotes":""},"class_list":["post-21","page","type-page","status-publish","hentry"],"jetpack_sharing_enabled":true,"_links":{"self":[{"href":"https:\/\/bigimpacts.fr\/index.php\/wp-json\/wp\/v2\/pages\/21","targetHints":{"allow":["GET"]}}],"collection":[{"href":"https:\/\/bigimpacts.fr\/index.php\/wp-json\/wp\/v2\/pages"}],"about":[{"href":"https:\/\/bigimpacts.fr\/index.php\/wp-json\/wp\/v2\/types\/page"}],"author":[{"embeddable":true,"href":"https:\/\/bigimpacts.fr\/index.php\/wp-json\/wp\/v2\/users\/2"}],"replies":[{"embeddable":true,"href":"https:\/\/bigimpacts.fr\/index.php\/wp-json\/wp\/v2\/comments?post=21"}],"version-history":[{"count":11,"href":"https:\/\/bigimpacts.fr\/index.php\/wp-json\/wp\/v2\/pages\/21\/revisions"}],"predecessor-version":[{"id":783,"href":"https:\/\/bigimpacts.fr\/index.php\/wp-json\/wp\/v2\/pages\/21\/revisions\/783"}],"up":[{"embeddable":true,"href":"https:\/\/bigimpacts.fr\/index.php\/wp-json\/wp\/v2\/pages\/16"}],"wp:attachment":[{"href":"https:\/\/bigimpacts.fr\/index.php\/wp-json\/wp\/v2\/media?parent=21"}],"curies":[{"name":"wp","href":"https:\/\/api.w.org\/{rel}","templated":true}]}}